er when 85490 is divided by 320.
50
What is the remainder when 139399 is divided by 39?
13
What is the remainder when 54691 is divided by 18225?
16
Calculate the remainder when 7913 is divided by 22.
15
Calculate the remainder when 8316 is divided by 91.
35
Calculate the remainder when 2141 is divided by 434.
405
What is the remainder when 62982 is divided by 59?
29
What is the remainder when 39840 is divided by 44?
20
Calculate the remainder when 103384 is divided by 213.
79
What is the remainder when 23172 is divided by 7702?
66
What is the remainder when 492 is divided by 136?
84
What is the remainder when 16279 is divided by 2?
1
Calculate the remainder when 66535 is divided by 41.
33
What is the remainder when 83324 is divided by 591?
584
What is the remainder when 7207 is divided by 902?
893
Calculate the remainder when 347731 is divided by 243.
241
Calculate the remainder when 1465 is divided by 62.
39
What is the remainder when 895 is divided by 875?
20
Calculate the remainder when 1849 is divided by 417.
181
What is the remainder when 18272 is divided by 6?
2
What is the remainder when 349276 is divided by 38807?
13
What is the remainder when 3576 is divided by 79?
21
What is the remainder when 234702 is divided by 49?
41
What is the remainder when 30318 is divided by 17?
7
What is the remainder when 810233 is divided by 5?
3
What is the remainder when 1692219 is divided by 20?
19
Calculate the remainder when 246681 is divided by 306.
45
Calculate the remainder when 5925 is divided by 1126.
295
Calculate the remainder when 42735 is divided by 137.
128
Calculate the remainder when 6822 is divided by 221.
192
What is the remainder when 84834 is divided by 7?
1
Calculate the remainder when 133 is divided by 52.
29
What is the remainder when 2058 is divided by 258?
252
Calculate the remainder when 1759 is divided by 582.
13
Calculate the remainder when 230519 is divided by 35.
9
Calculate the remainder when 18789 is divided by 18789.
0
What is the remainder when 23934 is divided by 176?
174
What is the remainder when 4264 is divided by 431?
385
What is the remainder when 898 is divided by 503?
395
What is the remainder when 5642 is divided by 5629?
13
What is the remainder when 52250 is divided by 13010?
210
Calculate the remainder when 28193 is divided by 86.
71
Calculate the remainder when 204371 is divided by 811.
810
Calculate the remainder when 2520 is divided by 25.
20
What is the remainder when 8559 is divided by 1416?
63
Calculate the remainder when 959921 is divided by 52.
1
What is the remainder when 8475 is divided by 1920?
795
What is the remainder when 76553 is divided by 19100?
153
Calculate the remainder when 11540 is divided by 226.
14
Calculate the remainder when 259783 is divided by 15.
13
Calculate the remainder when 34040 is divided by 387.
371
Calculate the remainder when 90982 is divided by 325.
307
Calculate the remainder when 8522 is divided by 250.
22
Calculate the remainder when 3012 is divided by 477.
150
Calculate the remainder when 70487 is divided by 266.
263
Calculate the remainder when 45320 is divided by 31.
29
What is the remainder when 27727 is divided by 9242?
1
What is the remainder when 31262 is divided by 665?
7
What is the remainder when 1028 is divided by 671?
357
Calculate the remainder when 60023 is divided by 732.
731
Calculate the remainder when 1538667 is divided by 119.
116
What is the remainder when 2135 is divided by 74?
63
What is the remainder when 58538 is divided by 1463?
18
What is the remainder when 22191 is divided by 12?
3
Calculate the remainder when 306409 is divided by 76586.
65
Calculate the remainder when 87619 is divided by 51.
1
What is the remainder when 419630 is divided by 14470?
0
What is the remainder when 4149 is divided by 297?
288
Calculate the remainder when 3685 is divided by 47.
19
What is the remainder when 91693 is divided by 354?
7
What is the remainder when 28437 is divided by 28307?
130
Calculate the remainder when 39099 is divided by 798.
795
What is the remainder when 6982 is divided by 100?
82
Calculate the remainder when 634253 is divided by 58.
23
What is the remainder when 138405 is divided by 24?
21
Calculate the remainder when 9704 is divided by 2417.
36
What is the remainder when 19013 is divided by 69?
38
What is the remainder when 15749 is divided by 23?
17
What is the remainder when 3390042 is divided by 287?
285
What is the remainder when 918 is divided by 20?
18
Calculate the remainder when 11456 is divided by 1046.
996
What is the remainder when 10078 is divided by 1113?
61
What is the remainder when 7532 is divided by 504?
476
Calculate the remainder when 947517 is divided by 705.
702
Calculate the remainder when 143161 is divided by 47715.
16
What is the remainder when 17494 is divided by 12?
10
Calculate the remainder when 8638 is divided by 2868.
34
Calculate the remainder when 779 is divided by 82.
41
Calculate the remainder when 2659 is divided by 146.
31
Calculate the remainder when 23061 is divided by 29.
6
Calculate the remainder when 292122 is divided by 204.
198
Calculate the remainder when 3104 is divided by 101.
74
What is the remainder when 15310 is divided by 765?
10
What is the remainder when 3109 is divided by 51?
49
What is the remainder when 1835672 is divided by 727?
724
Calculate the remainder when 1559 is divided by 76.
39
Calculate the remainder when 9151 is divided by 28.
23
What is the remainder when 59629 is divided by 42?
31
Calculate the remainder when 209200 is divided by 9.
4
What is the remainder when 7570 is divided by 421?
413
Calculate the remainder when 108399 is divided by 41.
36
What is the remainder when 1063 is divided by 501?
61
What is the remainder when 38732 is divided by 5?
2
What is the remainder when 20825 is divided by 109?
6
What is the remainder when 39789 is divided by 768?
621
What is the remainder when 8045079 is divided by 1431?
1428
What is the remainder when 3796 is divided by 123?
106
What is the remainder when 2978 is divided by 95?
33
What is the remainder when 3160 is divided by 2974?
186
Calculate the remainder when 27362 is divided by 285.
2
What is the remainder when 46998 is divided by 142?
138
Calculate the remainder when 152227 is divided by 50740.
7
Calculate the remainder when 16943 is divided by 339.
332
What is the remainder when 690294 is divided by 7756?
10
What is the remainder when 20225 is divided by 193?
153
What is the remainder when 49197 is divided by 4461?
126
Calculate the remainder when 8057 is divided by 3538.
981
What is the remainder when 52158 is divided by 7447?
29
What is the remainder when 29582 is divided by 570?
512
What is the remainder when 4875 is divided by 1233?
1176
What is the remainder when 7926 is divided by 2615?
81
Calculate the remainder when 20278 is divided by 845.
843
What is the remainder when 527132 is divided by 49?
39
What is the remainder when 1132503 is divided by 106?
105
Calculate the remainder when 25682 is divided by 25598.
84
What is the remainder when 399605 is divided by 224?
213
What is the remainder when 188353 is divided by 69?
52
What is the remainder when 76489 is divided by 366?
361
Calculate the remainder when 247546 is divided by 8536.
2
Calculate the remainder when 117646 is divided by 817.
815
What is the remainder when 1020 is divided by 22?
8
What is the remainder when 10857 is divided by 53?
45
Calculate the remainder when 10222797 is divided by 28.
25
What is the remainder when 353 is divided by 63?
38
Calculate the remainder when 6933 is divided by 29.
2
What is the remainder when 307275 is divided by 43?
40
Calculate the remainder when 323578 is divided by 41.
6
Calculate the remainder when 555514 is divided by 57.
49
What is the remainder when 4344910 is divided by 66?
64
Calculate the remainder when 54399 is divided by 707.
667
Calculate the remainder when 38031 is divided by 325.
6
What is the remainder when 6416 is divided by 1257?
131
Calculate the remainder when 13097 is divided by 6547.
3
What is the remainder when 43284 is divided by 3932?
32
Calculate the remainder when 372450 is divided by 38.
12
What is the remainder when 51522 is divided by 222?
18
Calculate the remainder when 35152 is divided by 